 0. Let k = 16700 + r. Is k prime?
False
Suppose g = 5*h + 18, -h - 2 = -4*g + 13. Suppose 0 = -g*c + 22898 - 467. Is c prime?
True
Suppose -7*p = 12*p - 41673 - 182090. Is p a composite number?
False
Let h = -598 - -565. Let o(s) = 19*s**2 + 89*s - 47. Is o(h) prime?
True
Let b(r) = r + 11. Suppose -t = -0*t, -5*g - 35 = 5*t. Let f be b(g). Suppose -2109 - 31 = -f*y. Is y prime?
False
Let g be (-55)/(-10) - 5 - 7/(-2). Is (-64548)/(-363) - g/(-22) a prime number?
False
Suppose -4*k = -0*k - 4. Let i be (-3 - (-33)/(-4))*8/k. Is 1/(-9) + (-97840)/i a composite number?
False
Suppose -35*f = -62458 - 42367. Let r = f - 1234. Is r a prime number?
False
Suppose 0 = -7*c - 50327 - 6254. Let a = -4586 - c. Is a a composite number?
True
Let c = 1362 - -194. Let i = c + -307. Is i a prime number?
True
Let n be (4/(-8)*3)/(6/3832). Let a = -483 - n. Let v = a - -166. Is v a composite number?
False
Let h be (-1)/((-3)/((-8523)/(-12)))*-4. Let p = 3184 + h. Is p a composite number?
False
Let z = 53 + -49. Suppose -5*c - 4798 = -z*c. Let u = -1859 - c. Is u prime?
True
Suppose 2*q = -t + 3799 + 1337, 0 = 3*t - 2*q - 15408. Suppose -9*x + 402 - t = 0. Let l = x - -1445. Is l composite?
False
Let t be 524/5 + (-24)/30. Let s = t + -104. Suppose -2*g + 0*g + 5558 = s. Is g a prime number?
False
Let a(z) = -z + 28. Let q be a(16). Suppose 5*s + w - 4026 = 4998, 5*w + 5392 = 3*s. Suppose 8*n + s = q*n. Is n a prime number?
False
Let h(r) = -605*r**3 + 2*r**2 - 15*r - 23. Is h(-7) a composite number?
True
Let o = 6100 - -1627. Suppose 5*n = -4*q + o, 3*n - q - 4617 = 3*q. Is n a composite number?
False
Suppose 4*v = 105 - 1. Let q(p) = 12*p + 565. Let m be q(-39). Let z = m - v. Is z a composite number?
False
Let o = -136 + 126. Let g be 4030/10 + o/2. Let p = 1269 - g. Is p prime?
False
Suppose -11 = 4*i - 27, i + 40 = -2*l. Let s = 29 + l. Suppose 88 - 3231 = -s*u. Is u composite?
False
Let x = -63 - -74. Suppose 6*c - x*c = -30. Is c*((-2)/4)/(1/(-67)) a prime number?
False
Suppose -4*g = 17 - 29. Suppose 1287 + 1749 = -g*q. Let u = -335 - q. Is u prime?
True
Let c be 895*(-28)/105*-6. Let h = 553 + c. Is h a prime number?
False
Let z(u) = u + 1. Let m(y) = -1460*y + 95. Let w(f) = m(f) + 4*z(f). Is w(-4) a composite number?
False
Let y be ((-11010)/25)/((-24)/160). Suppose 505*n + y = 513*n. Is n prime?
True
Suppose x - 2*y - 29 = -3, -3*y - 6 = 0. Is (-11)/(x/(-7384)) - 1 a composite number?
False
Suppose 0 = -816*k + 798*k + 1128294. Is k prime?
True
Suppose -9*r - 99513 = -2*u - 10*r, -3 = 3*r. Is u composite?
False
Let i = 23143 + 2001. Suppose w = 4*h - i, -w - 20187 = -2*h - 7617. Is h a composite number?
False
Is ((-5978535)/30)/(34/(-68)) composite?
False
Let t be 17943/(-12) - (-6)/(-8). Suppose -2*b + 5*q = -5*b + 6656, 5*q = 4*b - 8863. Let h = b + t. Is h composite?
True
Let k(g) = g**2 - 30*g - 211. Let n be k(34). Is n/(-125) + (-31084)/(-10) composite?
False
Let l(b) = 21*b**2 - 14*b - 38. Let x(z) = -64*z**2 + 41*z + 113. Let h(y) = -17*l(y) - 6*x(y). Is h(-5) composite?
False
Suppose 0 = -160*s + 782305 + 4022655. Is s composite?
True
Suppose -94*p + 105*p = 22. Let s be 5 + 2/(-2)*0. Suppose -p*u - u = s*t - 5800, -3*t + 5*u + 3514 = 0. Is t composite?
False
Let o = 308089 - 135090. Is o a prime number?
True
Suppose -3*o + 3*x + 24984 = 0, 34*x - 32*x + 41655 = 5*o. Is o composite?
True
Suppose -2*i + 17851 = d, 22*d - 19*d - 53603 = 4*i. Is d a prime number?
False
Suppose 10*x - 152 = 2*x. Suppose -5*u + x + 3 = g, -26 = -3*g - 5*u. Is (g + -1 + 2)/((-147)/(-18571)) prime?
True
Suppose 5*k = -b + 34, -2*b + 14 = -4*k - 40. Suppose -b = 5*x - 49. Suppose -2*l + 3058 + 1688 = -c, -x*c - 16 = 0. Is l a composite number?
False
Let a = 111559 + 169858. Is a a composite number?
True
Let a be 3/((8/(-14))/(-4)). Let s(g) = 4*g**2 - 4*g + 31. Let y be s(a). Suppose -5219 + y = -4*n. Is n composite?
False
Suppose 5*x = 4*i - 16, -5*x - 3*i + 3 + 9 = 0. Suppose 0 = 8*o + 6 - 22. Suppose o*y + 2*g = -x*g + 1700, 5*g + 856 = y. Is y a prime number?
False
Suppose -5*d = 2*q - 2149, q - 1197 = 5*d - 85. Is q a prime number?
True
Suppose x = -5*y + 610, y = 2*x - 763 - 435. Suppose 0 = 14*n - 2382 - x. Is n a prime number?
False
Suppose 9 = w - 6. Suppose w = -4*h + k, h + 2*k = -4 - 2. Is (-5714)/((2/2)/(h/8)) a prime number?
True
Let m = -725 - -1288. Let n = m + -466. Is n prime?
True
Let l(v) = 90162*v - 377. Is l(9) prime?
True
Suppose -3*b + 58515 = -553576 + 26629. Is b composite?
True
Suppose 3*p - 2*k + 19 = -51, -3*k - 27 = p. Let u(s) = -s**3 - 23*s**2 - 40*s + 1. Is u(p) prime?
False
Suppose -709 = 3*w + 494. Let r = w - -1146. Is r a prime number?
False
Let k(r) = 5*r - 72. Let w be k(14). Let n = w + 159. Is n a composite number?
False
Let v(c) = -c - 388. Let t be v(0). Let k = t - -801. Is k a composite number?
True
Let l = 75245 - -1077636. Is l prime?
True
Is 8/100 + 1141799355/3375 a composite number?
True
Is 8540184/(-24)*(-3)/3 a prime number?
True
Suppose -3*y - y = -4*v + 187684, 5*y = 3*v - 140769. Is v prime?
False
Suppose 1313826 = 38*k - 1059692. Is k prime?
False
Let a = -432 - -439. Let d = -3147 - -6789. Suppose -a*f + d = -4*f. Is f prime?
False
Let p be (-4 + 2)*284/(-8). Suppose 3*a = 6, -73*w + p*w - 5*a = -8852. Is w composite?
False
Let g(b) be the first derivative of b**5/20 + 5*b**4/6 - 2*b**3 + 11*b**2/2 + 2*b - 1. Let r(w) be the first derivative of g(w). Is r(-10) prime?
True
Let n = -6794 + 54333. Is n a composite number?
True
Let i = 112 - 106. Suppose 0 = -5*j + c - i*c + 5920, 0 = -4*j - 3*c + 4733. Is j a composite number?
False
Let c be (30068/(-10))/((-20)/100). Suppose -4*s - 3751 = -f - 0*s, 4*f - c = s. Let u = f + -1108. Is u a prime number?
False
Let r(l) = -31182*l - 35. Is r(-7) a composite number?
True
Let k(c) = -6694*c**2 + 5*c - 6. Let j be k(2). Let m = j - -82661. Is m a composite number?
False
Let l = 299555 + -60114. Is l a prime number?
True
Suppose 1013*f = 996*f + 554251. Is f a prime number?
True
Suppose 3*f = 2*b - 604828, -2*f = -5*b - 7*f + 1512020. Suppose -5*c - b = -7088. Is c/(-40) + (-4)/(-10) a prime number?
False
Suppose 19*f - 16*f - f = 188758. Is f a composite number?
False
Suppose 0 = -3*v + d + 18050, 4*d - 5540 = -v + 494. Suppose 2*q + 604 = v. Is q prime?
True
Let h be 8/(-2) - (-19)/(19/(-6538)). Let n = -3769 - h. Is n composite?
True
Let s be (-1 - (1 - 3)) + 33249/(-3). Let y = -33117 - s. Is -1*((-4)/(-22) + y/11) composite?
False
Let s(b) = 3*b + 479. Let d(z) = -4*z - 6. Let l be d(-2). Suppose l*p = -f, 4*f - f + p = 0. Is s(f) a composite number?
False
Suppose 1063*t = 1042*t + 44636259 - 13646202. Is t composite?
True
Suppose -4*f + 9 = -2*s - 9, -5*s - f - 78 = 0. Is s/(0 - 3/467) prime?
False
Let q be (-125486)/(-30) + 14/105. Let m = 6422 - 3294. Suppose m = 3*g - q. Is g a prime number?
True
Let i = -35 - -42. Suppose i*g - 967 - 3303 = 0. Suppose 0 = 2*u - f - g, -f + 3*f - 610 = -2*u. Is u a composite number?
True
Suppose 2*i + h = 7, 3*h = 5*i - 1 - 0. Suppose 2*g = s + i, -2*g - 3*s + 12 = g. Suppose 2919 = -g*k + 11905. Is k a prime number?
True
Let o(f) = -217*f**3 - f. Let h be o(-1). Let p(v) = 49*v**3 + v + 3. Let r be p(2). Let u = r - h. Is u composite?
False
Suppose 3*x - 471676 = 5*f, 4*x = f - 27055 + 655996. Is x composite?
True
Suppose -3*u + 4*u + 4*y = 148, -5*u = 5*y - 755. Let o = 347 + u. Suppose o = 4*r - 2481. Is r composite?
True
Let o = 4988 - -10607. Suppose -6*s - 5293 + o = 0. Is s a composite number?
True
Let d = 549843 + -138694. Is d prime?
False
Let r(h) = 457783*h - 5127. Is r(4) prime?
False
Let u = -141 - -247. Let o = 39 - u. Let i = o + 600. Is i prime?
False
Suppose -3*r + 19*r - 505072 = -0*r. Is r prime?
True
Let g(m) = -m**3 - 9*m**2 - 6*m - 6. Let y be g(-6). Is -4*3/y + (-116502)/(-26) a composite number?
False
Let h = -829 - -1473. Let q = h - 253. Is q a prime number?
False
Let a(t) = 2*t**2 - 16*t - 13. Let g(k) be the first derivative of -k + 25. Let q(l) = -a(l) + 4*g(l). Is q(7) prime?
True
Is (3116 + 2)/(990/(-249) + 4) a prime number?
False
Let y(d) = -105*d**2 + 20*d - 23. Let p be y(-15). Let x be p/(-12) + (-2)/(-6). Let m = x + -741. Is m composite?
True
Suppose 4*d - 216856 = -0*d. Suppose 21*n -